-106 - 37be20?
-37c026
In base 12, what is -1a356b - 17?
-1a3586
In base 6, what is -313 - -30130125?
30125412
In base 12, what is -10219135 - -5?
-10219130
In base 15, what is 0 + -44522ee?
-44522ee
In base 4, what is 1222233 - -102210222?
110033121
In base 8, what is -1630 - -27312?
25462
In base 2, what is 10010101010111101 + 101110?
10010101011101011
In base 10, what is 57152 - 23?
57129
In base 12, what is 141b1 - -2a?
1421b
In base 2, what is 10101101101101 + 111001010100?
11100111000001
In base 9, what is 140770381 + 3?
140770384
In base 11, what is 17 + -1a5029?
-1a5012
In base 14, what is -40 - -11572c9?
1157289
In base 12, what is -2777a + -69?
-27827
In base 11, what is -2690a797 - 3?
-2690a79a
In base 12, what is -72aa7792 - -5?
-72aa7789
In base 4, what is 12 + -201102322?
-201102310
In base 9, what is -48370 + 1773?
-46486
In base 8, what is -534 - -106076?
105342
In base 7, what is 26041555 - 24?
26041531
In base 10, what is -27 - 53988278?
-53988305
In base 14, what is -3c454b - -27?
-3c4524
In base 12, what is -5 + 1488157?
1488152
In base 5, what is 340 + 4444320?
10000210
In base 15, what is 1d01636a + 5?
1d016370
In base 2, what is 1000101000 - 10011100110110?
-10010100001110
In base 12, what is 7766757 + -1?
7766756
In base 10, what is -3811260 + 21?
-3811239
In base 15, what is 5548 + 192?
56da
In base 2, what is 101010110010111011 + -11101?
101010110010011110
In base 3, what is 22011111210021102 + -2?
22011111210021100
In base 5, what is 404413233 + 2?
404413240
In base 3, what is 10212221 + 112202112100?
112220102021
In base 4, what is -1020101031 - -11100?
-1020023331
In base 4, what is 303221 + -2102320?
-1133033
In base 9, what is -184 - -21404?
21210
In base 2, what is 0 - 1000101011100011101010111?
-1000101011100011101010111
In base 16, what is -1c5f5 + -4f?
-1c644
In base 7, what is -3 + -6220155?
-6220161
In base 13, what is -a1 + -17532?
-17603
In base 6, what is 2110 + -153520?
-151410
In base 13, what is -b6 - -1b4b23?
1b4a3a
In base 16, what is 1db9bd - -67?
1dba24
In base 4, what is -1032301 + 2032012?
333111
In base 3, what is 12022002222201 - 221?
12022002221210
In base 6, what is 454335 - -2355?
501134
In base 11, what is 4a5300 - 0?
4a5300
In base 11, what is -140460 - 0?
-140460
In base 10, what is 8155355 + -4?
8155351
In base 8, what is -107 + 214542?
214433
In base 6, what is -3353555 - 1230?
-3355225
In base 12, what is 1 + 4870b8a4?
4870b8a5
In base 7, what is -23 - 6305101?
-6305124
In base 8, what is -32 - -455610?
455556
In base 15, what is 486a5 + 317?
489bc
In base 9, what is -80830 + 660?
-80160
In base 2, what is 110000000 - 101000000110110?
-100111010110110
In base 12, what is 7238110 + -9?
7238103
In base 13, what is 71 - -10325b?
1032cc
In base 11, what is -37a34879 - -3?
-37a34876
In base 7, what is 34 - 1534356?
-1534322
In base 13, what is -792a788 - 1?
-792a789
In base 14, what is 0 - -59a894?
59a894
In base 14, what is 7011c0 + 2?
7011c2
In base 9, what is -1042854 + -3?
-1042857
In base 10, what is -127309244 + 4?
-127309240
In base 8, what is 522 + 35351?
36073
In base 2, what is -111 - -10010111010110010101101100?
10010111010110010101100101
In base 3, what is 11212 - -1101120100012?
1101120112001
In base 5, what is 11 + -1412422323?
-1412422312
In base 16, what is 144d4 - -45?
14519
In base 8, what is -66366 - 2?
-66370
In base 7, what is -1456 + -304253?
-306042
In base 10, what is -208 + -204109?
-204317
In base 12, what is -31407a - -4?
-314076
In base 2, what is -11101 + 101100000111000101001001?
101100000111000100101100
In base 2, what is 10010010001101 - -1000101110000101?
1011000000010010
In base 8, what is -1036574 - 506?
-1037302
In base 16, what is -7 + 378b?
3784
In base 3, what is 1010211 + 110221112001?
110222122212
In base 9, what is 15622 + 212?
15834
In base 9, what is -4 + -11772057?
-11772062
In base 8, what is 13212 + 35246?
50460
In base 2, what is 10011011 + -1010110011011010001?
-1010110011000110110
In base 5, what is -2031010241 - -11?
-2031010230
In base 15, what is 3b83c24 - -2?
3b83c26
In base 15, what is -2053e - 420?
-2095e
In base 8, what is 243444 + 34127?
277573
In base 16, what is -4 + 4890ae?
4890aa
In base 11, what is -50883 + 49?
-50835
In base 12, what is -1 + 49358420?
4935841b
In base 7, what is -65 - 401520?
-401615
In base 9, what is -808486707 + -1?
-808486708
In base 2, what is -10011011001 + -1000010010100?
-1010101101101
In base 9, what is -231 + -164888?
-165230
In base 10, what is 5800305 - -169?
5800474
In base 2, what is -1001000001110001 + -10010001100010?
-1011010011010011
In base 7, what is 1425 + 43534?
45262
In base 15, what is -3a0231 - 12?
-3a0243
In base 14, what is -3a - -246218?
2461bc
In base 9, what is -151716 + 381?
-151325
In base 13, what is -1ca6711 + 7b?
-1ca6663
In base 7, what is -50 - 44254153?
-44254233
In base 8, what is 17520066 + 21?
17520107
In base 6, what is 1 + 5302210503?
5302210504
In base 3, what is 1221201110200 - -12?
1221201110212
In base 14, what is 375005 - -50?
375055
In base 15, what is 5 - 390989?
-390984
In base 4, what is -133302032 - -10033?
-133231333
In base 8, what is 643142452 + 2?
643142454
In base 10, what is -3 + 10214733?
10214730
In base 15, what is 4 - 730458?
-730454
In base 7, what is -141206 + -35?
-141244
In base 7, what is -1 + -16524013?
-16524014
In base 14, what is -42 - 2b1a87?
-2b1ac9
In base 11, what is -16966013 + 3?
-16966010
In base 11, what is -371921272 + -5?
-371921277
In base 7, what is 3 + -14111531?
-14111525
In base 13, what is -43 + -19a450?
-19a493
In base 5, what is 12334344 - -2?
12334401
In base 14, what is -148d1c0 - -4?
-148d1ba
In base 7, what is -450 - -160202?
156422
In base 13, what is 455b0b + 267?
456075
In base 10, what is -4 + 4223223?
4223219
In base 7, what is 16104 - -22055?
41162
In base 11, what is -18 - -8034?
8017
In base 10, what is -3285 - 861?
-4146
In base 12, what is -56b - 46332?
-468a1
In base 16, what is 457f7 - -2?
457f9
In base 6, what is 2130054 - 20314?
2105340
In base 15, what is de2c6 - -37?
de30d
In base 10, what is 6 + -64074?
-64068
In base 8, what is -6463 + -115144?
-123627
In base 13, what is 35381 - 3a9?
34ca5
In base 5, what is -12034411 + -22?
-12034433
In base 7, what is -2614 - -2232236?
2226322
In base 6, what is -4124 - -2002554?
1554430
In base 13, what is -2335 - -52a?
-1b08
In base 2, what is -10000001 + -1001101001111001110?
-1001101010001001111
In base 8, what is 25704237 - 0?
25704237
In base 15, what is cd3772e9 + 3?
cd3772ec
In base 7, what is 364 - -64102?
64466
In base 6, what is 1 - -4433254402?
4433254403
In base 8, what is 203343 + 425?
203770
In base 3, what is -110210222212101 - 11112?
-110211000000220
In base 8, what is 0 + 73603527?
73603527
In base 10, what is -42541 - 11255?
-53796
In base 10, what is 98 - -797635?
797733
In base 13, what is -5c6 + -197673?
-197c69
In base 14, what is -4ac2 - -5a55?
d73
In base 6, what is -1313045 + -515?
-1314004
In base 14, what is -5 + -36b8d4?
-36b8d9
In base 7, what is -633046 - 566?
-633645
In base 15, what is 8d - -188bd?
1895b
In base 5, what is -11431 + -43010244?
-43022230
In base 16, what is 14f090 - -1f6?
14f286
In base 8, what is 317126324 - -3?
317126327
In base 13, what is 1189 + -43a7?
-321b
In base 15, what is 2a66 + -3d7c?
-1316
In base 4, what is 310313133 - -10203?
310330002
In base 4, what is -201003330020 - -3?
-201003330011
In base 11, what is 393 + 318619?
318a01
In base 15, what is 2542 + 11a50?
14092
In base 8, what is 333 - 44306?
-43753
In base 14, what is 1d5a536 + -b?
1d5a529
In base 7, what is 12 + -116214612?
-116214600
In base 15, what is -3136c93 + 4?
-3136c8e
In base 13, what is 2a7 - -5065?
533c
In base 2, what is 1110011 + 10010001011100011111?
10010001011110010010
In base 4, what is -230 + -32013202313?
-32013203203
In base 14, what is -12451038 + -4?
-1245103c
In base 9, what is -5 - 5254352?
-5254357
In base 5, what is 4201 + -3230?
421
In base 7, what is -132 + -1122410?
-1122542
In base 6, what is 3204 - -350524?
354132
In base 14, what is -1c822a - 10?
-1c823a
In base 11, what is -863 + 88a13?
88160
In base 4, what is -1 + -113201133320021?
-113201133320022
In base 13, what is -76 + -1c6ac?
-1c755
In base 10, what 